 5, 7
Suppose 319 = s - 7915. List the prime factors of s.
2, 23, 179
Suppose 3*m + 8*p - 4*p + 9450 = 0, -4*p + 15718 = -5*m. What are the prime factors of 6/8 + (m/(-8) - -6)?
2, 5
Suppose 9*q = 50 + 13. What are the prime factors of 412*q*(-7)/(-98)?
2, 103
Suppose -180*i - 264 = -177*i. Let k be (326/2)/(1 + -2). Let s = i - k. What are the prime factors of s?
3, 5
Suppose 21*a - 27*a + 72 = 0. Suppose a*d + 24*d = 10116. List the prime factors of d.
281
Suppose 3*x + 5*m - 231 = 0, -3*x = -12*m + 8*m - 204. Suppose 0 = -b + 362 + x. What are the prime factors of b?
2, 7, 31
Let c(v) = v**2 + 30*v + 179. Let d be c(-8). Suppose -3*y + j = -j - 3642, d*j = 4*y - 4855. What are the prime factors of y?
2, 19
Suppose 0 = 20*f - 63*f + 24*f + 493392. List the prime factors of f.
2, 3, 541
Let o(n) = 19*n**2 - 84*n + 1223. List the prime factors of o(14).
3, 419
Suppose 2*k + 21 - 27 = 0. Suppose 0 = -4*y + 4*a + 12, -2*y + 12 = 2*y + k*a. List the prime factors of y.
3
Let j(v) be the first derivative of v**4/4 - 4*v**3 - 7*v**2/2 + 15*v + 13. Let z be j(10). List the prime factors of 1/(2 + 505/z).
3, 17
Suppose -5*a + 32 = 4*j, 0*j - 2*a = 5*j - 40. Suppose j = 4*n + 24, -2*u = -2*n - 258. What are the prime factors of u?
5
Let i(y) = -3*y**2 + 2*y**2 + y**3 - 5*y - 2*y + 5*y**2 - 12. Let v be i(-4). Suppose 236 = -12*t + v*t. What are the prime factors of t?
59
Let t = -14411 - -21721. What are the prime factors of t?
2, 5, 17, 43
Suppose -22*v - 54 = -31*v. Suppose -4*c = -v*c - 834. Let r = c + 595. List the prime factors of r.
2, 89
Let v be -2 + 97 + -3 + 3. Let u = 222 - v. What are the prime factors of u?
127
Let k(i) = -8289*i - 7798. What are the prime factors of k(-6)?
2, 2621
Suppose 56 - 44 = 3*a. List the prime factors of (-3205)/(-10) - 6/a.
11, 29
Suppose 222 = -13*r + 16*r. Suppose 31 = 3*m - r. Suppose 6*p - 5*p = m. List the prime factors of p.
5, 7
Let h be 15/(-20) - 4/16. Let q be (h - (1 + -2)) + -2. List the prime factors of q/4 + (-6 - (-1183)/14).
2, 3, 13
Suppose 21 = -6*b + 45. Let f(q) = 16*q**2 + 10*q - 1. What are the prime factors of f(b)?
5, 59
Let d be (-3 + -6)*(-2 + 1). What are the prime factors of 135*(-12)/(-270)*d?
2, 3
Suppose 96 = 5*s + 2*v, -81 - 21 = -5*s + v. Suppose 0 = 4*m - s, -2*z = -4*m + 43 - 13. List the prime factors of 129 - (8 + z + -1).
127
Let p = -5481 - -20075. What are the prime factors of p?
2, 7297
Suppose -4 = 10*i - 44. Suppose 14 = 2*b + i*q, -b + q - 1 = -q. Suppose -5*k - b*m + 963 = 0, -m = 2*k - 4*m - 402. List the prime factors of k.
3, 5, 13
Let d = 244 + -242. What are the prime factors of (2088/216)/((d*-1)/(-192))?
2, 29
Suppose -u + 91 = -5*l, 3*u - 4 - 3 = l. Let o = l - -29. Suppose 3*y - 85 = -o. List the prime factors of y.
5
Let z(c) = -c**3 - 3*c**2 + 3*c - 8. Let t be 30/(-9)*9/(-5). Let m(p) = 3*p - 24. Let u be m(t). List the prime factors of z(u).
2, 41
Let i be 129/(594/(-192) + 3). Let z = -787 - i. What are the prime factors of z?
19, 31
Let a = -12027 - -38512. List the prime factors of a.
5, 5297
Let f(l) = -68*l**3 - 2*l**2 + l + 2. Let t = -52 + 52. Suppose -5*q - q - 6 = t. List the prime factors of f(q).
67
Let h(m) = -380*m - 4. List the prime factors of h(-67).
2, 37, 43
List the prime factors of -149*(14652/(-90) - -2*(-2)/20).
149, 163
Suppose -2*l + 44650 = -2*f, -2*l - 496*f = -495*f - 44677. What are the prime factors of l?
2, 13, 859
Let y = 1314 + -770. Suppose -6*s + 3134 = -y. Suppose -s = -3*t - 2*v, -3*t - 3*v - 2*v + 628 = 0. What are the prime factors of t?
3, 67
Suppose -70*d - 459941 = -201*d. List the prime factors of d.
3511
Let i(a) be the third derivative of 55*a**4/24 - 9*a**3/2 + 104*a**2. List the prime factors of i(7).
2, 179
Suppose 4*m = 0, m - 6*m + 3 = -t. Let o be (1 - t)/(-2) - 96/(-3). Suppose -h + o = 14. What are the prime factors of h?
2
Let d(f) = f**2 - 19*f - 148. Let p = -176 - -168. What are the prime factors of d(p)?
2, 17
Suppose -2*v - 2*a + 26330 = 7498, -5*v + 47098 = -4*a. What are the prime factors of v?
2, 17, 277
List the prime factors of (5 - 3)*(-82902)/(-12)*1.
41, 337
Let z = 45 - 42. Let r be 6/(-3) - (4 + (-30)/z). Suppose 0 = -r*m - 3*d + 276, -3*d - 4 = 8. List the prime factors of m.
2, 3
Let z(j) = -j**3 - 37*j**2 + 93*j + 45. Let m be z(-37). Let d = m + 4842. What are the prime factors of d?
2, 3, 241
Let z be (1 + -6 + 3)/(-1). Suppose -5*v = -z*v - 108. What are the prime factors of v?
2, 3
Let x = 45627 + -26974. List the prime factors of x.
23, 811
Let d(a) = 2*a. Let u be d(6). Suppose 175 = z + u. Suppose z = 2*k - 3*i, 3*k - 4*i = 133 + 110. List the prime factors of k.
7, 11
Let k = -181 + 295. Let l = k + -111. Suppose -336 = -l*m - 108. List the prime factors of m.
2, 19
Let t = -34054 - -51449. What are the prime factors of t?
5, 7, 71
Suppose 49 = -q - w, 1 = -w - 4. Let b = q + 54. Suppose -b + 8 = -l. List the prime factors of l.
2
What are the prime factors of ((-11)/((-726)/418))/(((-12)/(-981))/4)?
19, 109
Let y(h) = -9*h**2 - 3*h + 16. Let d(x) = 28*x**2 + 9*x - 49. Let v(t) = -2*d(t) - 7*y(t). Let b be v(5). Let m = b + -47. What are the prime factors of m?
3, 43
Suppose 4*d + 5*a - 34883 = 0, 0 = 4*a - 9*a - 25. Suppose 16*b = d + 1417. List the prime factors of b.
2, 317
Suppose -187 = -3*q - 3*u - 634, q - 3*u + 165 = 0. Let a = q - -171. List the prime factors of a.
2, 3
Let k(t) = 32*t + 473. Let z be k(-21). Let w = 424 + z. What are the prime factors of w?
3, 5
Let u be 6/15*5 + 2 - 4. Let m = -19 + u. Let a(k) = -5*k + 25. What are the prime factors of a(m)?
2, 3, 5
Let r be (-9)/(-6)*920/12. Let z(q) = 212*q**2 - 3*q + 3. Let x be z(1). Let b = x - r. What are the prime factors of b?
97
Suppose -54036 = -9*p + 9*p - 9*p. What are the prime factors of p?
2, 19, 79
Let l = -477 - 781. Let v = l - -2968. What are the prime factors of v?
2, 3, 5, 19
Let h(l) = -494*l + 6218. What are the prime factors of h(12)?
2, 5, 29
Suppose 2*a = -2*q + 26, -5*a - q + 52 = 7. Let o be (-2)/a + (-77)/28. List the prime factors of o/6*6 - (-216)/2.
3, 5, 7
Let o = -228 + 228. Suppose o = -132*a + 130*a + 1482. List the prime factors of a.
3, 13, 19
Let y(r) = -r**2 - 20*r - 16. Let o be (-3)/(-4 - (-84)/20). Let j = o + -3. What are the prime factors of y(j)?
2, 5
Let l(v) = -13*v**3 + 5*v**2 + 12*v - 51. What are the prime factors of l(-10)?
3, 1481
Let y(x) = 9*x**3 + 2*x**2 + x + 1. Let q be y(-2). Let g = 220 + q. Let w = g + -62. List the prime factors of w.
3, 31
Let n(y) = 3*y + 45. Let z = -24 + 10. Let m be n(z). Suppose -5*o = -m*o - 186. What are the prime factors of o?
3, 31
Suppose 35*p = 68*p - 66. Suppose -5*g + 4*h = -8551, 4*g = 5*g - p*h - 1709. What are the prime factors of g?
29, 59
Suppose -11*h + 6*h + 50 = -3*z, 2*h - 3*z = 29. List the prime factors of h + 246 + 6 + -6.
11, 23
Let m = 37836 - 24993. What are the prime factors of m?
3, 1427
Suppose 4*i = -x + 176, i - 5*i - 3*x = -168. Suppose -1456 = i*n - 49*n. What are the prime factors of n?
2, 7, 13
Suppose -s - 6 = -2*p + 4, 3*p + 4*s + 7 = 0. Suppose -p*c + 4255 = -d, -7*c = -2*c + d - 7105. What are the prime factors of c?
2, 5, 71
Suppose -46608 = -4*t - 4*x, -4*t + 20571 = -6*x - 26047. List the prime factors of t.
43, 271
Suppose 2*y + 3*g = 169 + 2702, -4*g + 4304 = 3*y. Suppose -4*z = -y - 100. List the prime factors of z.
2, 191
Let s = -38 - -29. Let b be (7*(-12)/s)/(10/15). Suppose 52 = 3*o + h, -4 = -2*h - b. List the prime factors of o.
19
Let i(f) = -f**2 - 42*f + 17. Suppose -8*k = -4*q - 3*k - 117, -q - 39 = 2*k. What are the prime factors of i(q)?
2, 157
Let w = -506 - -519. Suppose -w*c = -5*c - 11480. What are the prime factors of c?
5, 7, 41
Suppose 0 = h - 4*r - 5333, 22*r + 5337 = h + 20*r. What are the prime factors of h?
7, 109
Let z(n) = 118*n + 208. Let u be z(11). List the prime factors of 3*1 - (-5)/15*u.
5, 101
Let x = 169634 + -88981. What are the prime factors of x?
59, 1367
Let a(g) be the third derivative of -g**4/2 - 7*g**3/6 + 11*g**2. Suppose -6*u - 60 = -0*u. List the prime factors of a(u).
113
Let g = -5257 - -3145. List the prime factors of (2/(-3))/(5 - (-10564)/g).
2, 11
Let y(b) = b**2 - 8*b - 34. Let g be (-64)/(-6) - ((-14)/6 + 2). Let u be y(g). List the 